55d3
In base 2, what is 1010011111001010111100101 + -1111?
1010011111001010111010110
In base 14, what is 0 + -100da25?
-100da25
In base 15, what is -249e44 - a3?
-249ee7
In base 16, what is 7042 + ab?
70ed
In base 2, what is -10110001010 + 11011101101001000?
11011010110111110
In base 5, what is -103343 - 3224043?
-3332441
In base 12, what is 1193512 - -8?
119351a
In base 10, what is -862 - 13849?
-14711
In base 7, what is 46512652 - -40?
46513022
In base 13, what is 1734c98 - -a?
1734ca5
In base 6, what is 4521 + 524501?
533422
In base 11, what is 5 + 6054705?
605470a
In base 11, what is -1 + -3981a982?
-3981a983
In base 2, what is -111100010001000000111101 + -11?
-111100010001000001000000
In base 14, what is 3520 - 6cb3?
-3793
In base 8, what is 2276063 - 1066?
2274775
In base 13, what is 2336461 + 11?
2336472
In base 6, what is 1 + 3011501210?
3011501211
In base 3, what is -1120122211011 - -1?
-1120122211010
In base 15, what is -6 + d230d?
d2307
In base 14, what is 59602b7 + 0?
59602b7
In base 12, what is 9694a7 - 115?
969392
In base 12, what is -46b02aa + -4?
-46b02b2
In base 12, what is -a3837 - -3?
-a3834
In base 10, what is 7134 - 62?
7072
In base 15, what is -192781bc - 3?
-192781c0
In base 5, what is 33 + -433412311?
-433412223
In base 11, what is -16 + 60aa50?
60aa35
In base 6, what is -105 - 10144520?
-10145025
In base 7, what is -120 - 1242256?
-1242406
In base 3, what is -212201000012 + 2?
-212201000010
In base 14, what is -58 - -1ab57?
1aadd
In base 14, what is -5 - -66d09d?
66d098
In base 9, what is -823564408 - -4?
-823564404
In base 13, what is 7 + 3a08347?
3a08351
In base 9, what is 406386 + -765?
405521
In base 8, what is -13 + -164275?
-164310
In base 7, what is 65615 - -1030?
66645
In base 14, what is -3 - 29b6c552?
-29b6c555
In base 5, what is 1 + 13344020402?
13344020403
In base 4, what is -120 + -11033210?
-11033330
In base 10, what is 23075 + -246?
22829
In base 3, what is -122122 - 211112211?
-212012110
In base 13, what is 194 + 8681?
8845
In base 4, what is -2031 + -12000023002?
-12000031033
In base 5, what is 23 - -142401403?
142401431
In base 3, what is -212022 - -12121121110?
12120202011
In base 11, what is 257349974 + 1?
257349975
In base 5, what is -11301 - 2344101?
-2410402
In base 10, what is 2701 - 201001?
-198300
In base 5, what is -4 + 20312230410?
20312230401
In base 15, what is 9b01 + -1113?
89dd
In base 11, what is -39182 - 181?
-39353
In base 12, what is 11b - 41313?
-411b4
In base 9, what is -2 - 4700514?
-4700516
In base 14, what is 60 - 53521?
-534a1
In base 8, what is -420 + -31274?
-31714
In base 7, what is -2525424 - -260?
-2525134
In base 11, what is -34 + -3a77317?
-3a77350
In base 13, what is 34353 + 53?
343a6
In base 15, what is -5 + -2171122?
-2171127
In base 9, what is -17873601 - -8?
-17873582
In base 7, what is -62605 - -3460?
-56115
In base 11, what is 36999 - -12567?
49455
In base 12, what is -532a4 - a64?
-54148
In base 13, what is -2ca27c6 + 1?
-2ca27c5
In base 8, what is 25706105 + 74?
25706201
In base 16, what is f1 - -986d6?
987c7
In base 4, what is -23220 + -1100010?
-1123230
In base 9, what is 4871323 + 35?
4871358
In base 12, what is -88836 - 11a?
-88954
In base 15, what is -33b6 - 7e?
-3445
In base 8, what is 1741 - -377175?
401136
In base 15, what is 1e21b92 - -4?
1e21b96
In base 9, what is 225585042 + 2?
225585044
In base 13, what is 4b953a1a + -3?
4b953a17
In base 12, what is -265 + -2b6570?
-2b6815
In base 6, what is 5 + -215552434?
-215552425
In base 13, what is -204c - -81?
-1c9b
In base 10, what is -55928 + -3950?
-59878
In base 9, what is 4 + -215712200?
-215712185
In base 13, what is -3a - -213c251?
213c214
In base 3, what is 1212012220000 - -210?
1212012220210
In base 7, what is 5 - -5143502146?
5143502154
In base 16, what is -44 - 421bb?
-421ff
In base 3, what is 212010 + -1020100?
-101020
In base 11, what is 3 - 1552691?
-1552689
In base 9, what is 28168571 - 54?
28168516
In base 6, what is 1311351 + 504?
1312255
In base 9, what is -6 - 1640834?
-1640841
In base 9, what is -4464476 - 1047?
-4465534
In base 9, what is -285 + -15025?
-15321
In base 11, what is -786 + -111a?
-18a5
In base 5, what is -144024 - -4333040?
4134011
In base 10, what is -219 + -2340?
-2559
In base 10, what is -201098 - 36?
-201134
In base 15, what is 3 - 50aec77?
-50aec74
In base 16, what is -3c7c61 - -3?
-3c7c5e
In base 15, what is 13 - -22dc97?
22dcaa
In base 4, what is -103 + 211330101?
211323332
In base 14, what is 8a7596 - -11?
8a75a7
In base 13, what is -611466c0 + 3?
-611466ba
In base 12, what is 4 - -502721?
502725
In base 5, what is -4312222 + 201?
-4312021
In base 5, what is 204244012040 + -3?
204244012032
In base 10, what is -113431 + -83?
-113514
In base 14, what is -130 - 2600a?
-2613a
In base 7, what is 1465641144 + -1?
1465641143
In base 2, what is -1011000110011111001101 + -10010100?
-1011000110100001100001
In base 4, what is 32131 - -100303311?
101002102
In base 11, what is 2528928 - 4?
2528924
In base 6, what is 20143032 + -11?
20143021
In base 12, what is 375510 + 118?
375628
In base 7, what is -3146433 - 1401?
-3151134
In base 5, what is -114002433 - 2?
-114002440
In base 15, what is 13b - -8019?
8155
In base 2, what is 1110100111111011001010 - -100?
1110100111111011001110
In base 10, what is 12763 - -1719?
14482
In base 14, what is 7c9 + b4c25?
b5610
In base 13, what is 17769 - -698?
18134
In base 6, what is -11301503 - -1342?
-11300121
In base 10, what is -57080 + 10782?
-46298
In base 10, what is 2530 + 63662?
66192
In base 16, what is 140965 + -3?
140962
In base 12, what is 1306359b - 9?
13063592
In base 9, what is -1 - -11874516?
11874515
In base 3, what is -121002001010200 + 10?
-121002001010120
In base 12, what is 1995536 + -b?
1995527
In base 3, what is 11022112022211 - -102?
11022112100020
In base 13, what is 15905c73 + -4?
15905c6c
In base 3, what is -210211011011120 + -122?
-210211011012012
In base 10, what is 22 + -981479?
-981457
In base 6, what is 1010001514 - 10?
1010001504
In base 5, what is -13214410 + 3303?
-13211102
In base 16, what is -4 - cb85?
-cb89
In base 12, what is -120b4 + 73a?
-11576
In base 6, what is -31545 - -23345?
-4200
In base 4, what is -12 - -13022321012?
13022321000
In base 5, what is -4110232 - 103?
-4110340
In base 14, what is 4 - -aa75a5?
aa75a9
In base 16, what is -2025cd3 + 6?
-2025ccd
In base 16, what is 356 + -53bc0?
-5386a
In base 2, what is -110100001011010001 + 0?
-110100001011010001
In base 2, what is -1 + 11010000000000110011010110?
11010000000000110011010101
In base 2, what is -10100111 + -100110101000010010001?
-100110101000100111000
In base 9, what is -1705 + -727?
-2533
In base 12, what is 383139 + a?
383147
In base 5, what is 3 - -1404123413?
1404123421
In base 7, what is -114 - -16131?
16014
In base 16, what is -3f4b + 80?
-3ecb
In base 5, what is -141 + -10420341302?
-10420341443
In base 15, what is 2 + -10386a?
-103868
In base 9, what is -147888335 + 5?
-147888330
In base 7, what is -2621 + -15600?
-21521
In base 4, what is -1 - -30002311303?
30002311302
In base 6, what is -50335 + 245312?
154533
In base 3, what is 11112102022221 + 1022?
11112102101020
In base 15, what is 3 - -b079ab7?
b079aba
In base 2, what is 11110011101100011111 - -10100101001?
11110100000001001000
In base 7, what is -511 + 5113663?
5113152
In base 15, what is -8ab7 + -36e?
-8e36
In base 13, what is -6 - -96a0a6?
96a0a0
In base 15, what is -c0 - 240ba7?
-240c77
In base 6, what is 41 + -21215205?
-21215124
In base 4, what is -210 - 210122?
-210332
In base 6, what is -110315153 - -55?
-110315054
In base 12, what is -61 - -88a188?
88a127
In base 3, what is -10000 - 2010202011?
-2010212011
In base 15, what is -1101 + -13c?
-123d
In base 5, what is 4241111203 + 3?
4241111211
In base 8, what is 1060 - -462257?
463337
In base 15, what is -231 + 45c8?
4397
In base 16, what is -2 + 104e4b?
104e49
In base 3, what is 101212201202210 - 12?
101212201202121
In base 10, what is 0 + -1031371?
-1031371
In base 6, what is -2421554511 + -3?
-2421554514
In base 5, what is -133 - 12231110331?
-12231111014
In base 16, what is 182907 + -14?
1828f3
In base 3, what is -11122 - 100001112111?
-100001201010
In base 6, what is 3504131 - 1030?
3503101
In base 10, what is 1